t common factor of 2482 and 34.
34
Calculate the greatest common divisor of 234 and 12.
6
What is the highest common factor of 3699 and 36?
9
Calculate the highest common factor of 2160 and 48.
48
What is the greatest common factor of 3208 and 12?
4
What is the greatest common factor of 140 and 340?
20
What is the highest common divisor of 1175 and 141?
47
What is the greatest common factor of 16 and 4?
4
What is the highest common factor of 61 and 1?
1
Calculate the greatest common factor of 3 and 163.
1
What is the greatest common factor of 57 and 114?
57
Calculate the highest common divisor of 16 and 1368.
8
Calculate the greatest common divisor of 11 and 3993.
11
Calculate the highest common divisor of 17 and 623.
1
What is the highest common factor of 190 and 110?
10
Calculate the greatest common factor of 6 and 14406.
6
What is the highest common factor of 128 and 24?
8
What is the highest common factor of 42 and 276?
6
What is the highest common divisor of 10745 and 35?
35
Calculate the highest common factor of 3024 and 6300.
252
What is the highest common factor of 76 and 3534?
38
What is the greatest common divisor of 888 and 74?
74
Calculate the highest common divisor of 1 and 36.
1
Calculate the greatest common factor of 32 and 3472.
16
What is the greatest common factor of 9540 and 2?
2
Calculate the highest common factor of 1768 and 26.
26
Calculate the greatest common factor of 906 and 66.
6
Calculate the highest common factor of 663 and 832.
13
Calculate the greatest common factor of 1550 and 320.
10
Calculate the greatest common factor of 20 and 1470.
10
What is the highest common factor of 47 and 1081?
47
What is the greatest common divisor of 559 and 13?
13
What is the greatest common divisor of 110 and 230?
10
What is the greatest common divisor of 81 and 23868?
27
Calculate the greatest common divisor of 44 and 198.
22
Calculate the highest common factor of 30 and 375.
15
Calculate the highest common divisor of 63 and 441.
63
What is the highest common divisor of 10 and 490?
10
Calculate the highest common factor of 132 and 960.
12
What is the greatest common factor of 8 and 316?
4
What is the greatest common factor of 6909 and 147?
147
What is the highest common divisor of 893 and 47?
47
What is the highest common factor of 64 and 9824?
32
What is the highest common factor of 6615 and 14?
7
What is the greatest common factor of 20 and 2140?
20
Calculate the greatest common factor of 267 and 29548.
89
Calculate the highest common divisor of 24520 and 40.
40
What is the highest common factor of 515 and 20?
5
Calculate the greatest common factor of 251 and 63001.
251
Calculate the highest common divisor of 504 and 21.
21
Calculate the greatest common divisor of 2 and 2168.
2
Calculate the greatest common divisor of 2125 and 85.
85
What is the greatest common divisor of 1728 and 800?
32
What is the highest common divisor of 940 and 40?
20
Calculate the greatest common divisor of 498 and 6.
6
Calculate the greatest common factor of 227 and 35639.
227
Calculate the greatest common factor of 414 and 25875.
207
Calculate the greatest common factor of 6862 and 146.
146
What is the highest common factor of 33152 and 32?
32
What is the greatest common divisor of 15630 and 150?
30
Calculate the greatest common divisor of 76 and 3002.
38
Calculate the greatest common divisor of 3150 and 252.
126
What is the greatest common factor of 16004 and 4?
4
What is the highest common divisor of 59 and 7?
1
Calculate the greatest common divisor of 33 and 429.
33
Calculate the highest common factor of 5 and 125.
5
Calculate the highest common divisor of 729 and 9.
9
Calculate the highest common factor of 109 and 1417.
109
What is the greatest common divisor of 18827 and 67?
67
What is the highest common divisor of 2124 and 144?
36
Calculate the greatest common divisor of 288 and 4704.
96
Calculate the greatest common divisor of 6 and 33.
3
Calculate the highest common divisor of 122 and 13.
1
Calculate the highest common factor of 104 and 8.
8
Calculate the greatest common factor of 180 and 3048.
12
Calculate the highest common divisor of 6 and 54.
6
Calculate the greatest common factor of 100 and 45350.
50
Calculate the greatest common divisor of 60 and 100.
20
Calculate the greatest common factor of 396 and 27.
9
What is the highest common divisor of 1110 and 270?
30
What is the highest common divisor of 1470 and 35?
35
What is the greatest common divisor of 800 and 450?
50
What is the highest common factor of 57 and 9?
3
Calculate the highest common divisor of 904 and 16.
8
Calculate the highest common divisor of 143 and 3575.
143
What is the greatest common divisor of 1056 and 638?
22
What is the highest common divisor of 640 and 672?
32
What is the highest common divisor of 1692 and 36?
36
Calculate the highest common divisor of 87 and 145.
29
What is the greatest common divisor of 504 and 360?
72
Calculate the highest common factor of 40188 and 153.
51
Calculate the highest common factor of 3992 and 24.
8
Calculate the greatest common divisor of 10 and 3850.
10
What is the greatest common factor of 5 and 205?
5
What is the greatest common factor of 824 and 32?
8
Calculate the highest common factor of 4650 and 600.
150
Calculate the greatest common divisor of 25 and 8375.
25
What is the greatest common factor of 1081 and 47?
47
What is the highest common divisor of 40 and 4990?
10
Calculate the highest common factor of 84 and 147.
21
Calculate the greatest common factor of 20 and 5.
5
What is the greatest common factor of 210 and 50?
10
Calculate the highest common divisor of 80 and 136.
8
Calculate the greatest common divisor of 95 and 1805.
95
Calculate the greatest common factor of 150 and 3030.
30
What is the highest common divisor of 43 and 24682?
43
Calculate the greatest common factor of 126 and 6.
6
Calculate the highest common divisor of 16 and 72.
8
Calculate the greatest common factor of 437 and 285.
19
Calculate the highest common divisor of 4849 and 13.
13
What is the greatest common divisor of 4841 and 721?
103
What is the highest common divisor of 39527 and 47?
47
What is the highest common factor of 5328 and 720?
144
Calculate the greatest common factor of 24 and 8.
8
Calculate the highest common factor of 266 and 57.
19
What is the greatest common divisor of 1884 and 408?
12
Calculate the highest common divisor of 147 and 6.
3
What is the highest common factor of 260 and 195?
65
Calculate the highest common divisor of 6375 and 51.
51
What is the highest common factor of 15972 and 12?
12
Calculate the highest common factor of 18 and 6.
6
Calculate the greatest common factor of 168 and 294.
42
Calculate the highest common factor of 2929 and 58.
29
What is the greatest common divisor of 1064 and 38?
38
Calculate the highest common factor of 26 and 3510.
26
What is the highest common divisor of 1015 and 35?
35
Calculate the greatest common divisor of 1375 and 2375.
125
Calculate the greatest common factor of 3 and 321.
3
What is the greatest common factor of 14 and 1946?
14
What is the greatest common factor of 345 and 3726?
69
What is the greatest common divisor of 132 and 4116?
12
Calculate the highest common divisor of 282 and 8319.
141
What is the highest common divisor of 84 and 63?
21
What is the highest common divisor of 26220 and 12?
12
Calculate the highest common divisor of 10 and 1060.
10
What is the highest common factor of 3611 and 23?
23
Calculate the highest common divisor of 117 and 104.
13
What is the highest common factor of 26 and 130?
26
Calculate the highest common factor of 42 and 8799.
21
Calculate the highest common divisor of 77 and 418.
11
Calculate the greatest common factor of 100 and 20.
20
What is the greatest common divisor of 186 and 42?
6
What is the highest common divisor of 55 and 5060?
55
Calculate the greatest common divisor of 4004 and 385.
77
What is the highest common factor of 182 and 130?
26
What is the greatest common factor of 459 and 57?
3
Calculate the greatest common divisor of 765 and 45.
45
What is the highest common factor of 3916 and 1780?
356
What is the greatest common factor of 154 and 27797?
77
What is the greatest common divisor of 278 and 10?
2
Calculate the greatest c